
-2 (base 9) to base 2
-10
-120 (base 4) to base 7
-33
What is 11 (base 12) in base 13?
10
What is -3 (base 12) in base 9?
-3
Convert -2 (base 15) to base 7.
-2
100 (base 3) to base 4
21
What is -131 (base 4) in base 13?
-23
-2 (base 4) to base 14
-2
What is 3 (base 16) in base 13?
3
Convert -5 (base 15) to base 16.
-5
What is 31 (base 8) in base 11?
23
-5 (base 14) to base 7
-5
303 (base 4) to base 13
3c
c (base 16) to base 13
c
What is 84 (base 11) in base 4?
1130
What is 0 (base 6) in base 10?
0
223 (base 7) to base 14
83
81 (base 10) to base 8
121
What is 2 (base 3) in base 10?
2
3 (base 10) to base 8
3
156 (base 9) to base 12
b0
What is 6 (base 13) in base 3?
20
-17 (base 15) to base 10
-22
What is 1 (base 14) in base 6?
1
Convert -71 (base 11) to base 13.
-60
-13 (base 5) to base 6
-12
-410 (base 6) to base 16
-96
Convert bd (base 14) to base 3.
20012
5 (base 16) to base 13
5
-10100 (base 2) to base 8
-24
What is -2 (base 12) in base 15?
-2
Convert -10 (base 2) to base 5.
-2
Convert -1 (base 6) to base 11.
-1
1 (base 10) to base 4
1
-1101010 (base 2) to base 4
-1222
Convert 13 (base 5) to base 13.
8
What is -32 (base 13) in base 7?
-56
4 (base 12) to base 4
10
What is -11 (base 4) in base 12?
-5
What is 0 (base 13) in base 11?
0
What is 0 (base 2) in base 12?
0
Convert 111010 (base 3) to base 15.
189
What is 20 (base 15) in base 6?
50
Convert -4 (base 8) to base 2.
-100
-1 (base 11) to base 15
-1
101 (base 5) to base 16
1a
What is 9d (base 16) in base 6?
421
What is -4 (base 8) in base 15?
-4
-25 (base 16) to base 9
-41
What is 3 (base 5) in base 2?
11
5 (base 14) to base 16
5
Convert 2 (base 11) to base 3.
2
What is -22 (base 14) in base 8?
-36
Convert 0 (base 9) to base 3.
0
What is 46 (base 14) in base 15?
42
What is d (base 16) in base 5?
23
Convert -1 (base 11) to base 7.
-1
What is 33 (base 15) in base 9?
53
What is -127 (base 12) in base 9?
-214
What is -30 (base 7) in base 3?
-210
5 (base 13) to base 15
5
232 (base 4) to base 5
141
Convert 22 (base 12) to base 10.
26
Convert 24 (base 9) to base 6.
34
What is -112201 (base 3) in base 8?
-615
42 (base 5) to base 11
20
What is -4 (base 6) in base 8?
-4
Convert -8 (base 12) to base 5.
-13
-1b (base 12) to base 2
-10111
Convert 1000001 (base 2) to base 11.
5a
What is 11 (base 3) in base 5?
4
Convert 3 (base 10) to base 12.
3
What is 3 (base 15) in base 14?
3
What is 1 (base 11) in base 10?
1
Convert -7 (base 8) to base 2.
-111
Convert -2 (base 12) to base 5.
-2
What is 111 (base 3) in base 2?
1101
Convert 8 (base 11) to base 14.
8
What is -3 (base 11) in base 14?
-3
What is -86 (base 11) in base 12?
-7a
Convert -230 (base 6) to base 4.
-1122
What is -231 (base 4) in base 9?
-50
1 (base 7) to base 13
1
What is -1 (base 11) in base 7?
-1
What is -24 (base 7) in base 14?
-14
What is -20 (base 3) in base 15?
-6
What is -1a (base 15) in base 3?
-221
What is 28 (base 10) in base 8?
34
Convert 3 (base 15) to base 14.
3
What is -63 (base 15) in base 12?
-79
10010001 (base 2) to base 13
b2
110000011 (base 2) to base 7
1062
What is 2 (base 12) in base 3?
2
What is -14 (base 8) in base 9?
-13
Convert 6 (base 7) to base 5.
11
What is -3 (base 6) in base 13?
-3
Convert -123 (base 6) to base 3.
-1220
-2013 (base 5) to base 12
-196
What is 363 (base 8) in base 15?
113
What is -3 (base 9) in base 8?
-3
Convert -2 (base 12) to base 3.
-2
Convert 3 (base 6) to base 14.
3
What is 1 (base 9) in base 14?
1
Convert 21 (base 8) to base 9.
18
12 (base 4) to base 10
6
Convert 19 (base 15) to base 11.
22
Convert -30 (base 6) to base 7.
-24
What is -78 (base 11) in base 9?
-104
Convert 10 (base 2) to base 10.
2
Convert 0 (base 8) to base 13.
0
-32 (base 4) to base 15
-e
What is -204 (base 5) in base 13?
-42
100 (base 4) to base 11
15
What is -18 (base 11) in base 3?
-201
Convert 50 (base 10) to base 8.
62
What is -10 (base 14) in base 11?
-13
Convert -3 (base 11) to base 15.
-3
Convert -68 (base 11) to base 6.
-202
62 (base 13) to base 11
73
-10 (base 7) to base 6
-11
-cc (base 16) to base 6
-540
4 (base 14) to base 3
11
What is -44 (base 8) in base 6?
-100
Convert 181 (base 9) to base 16.
9a
What is 8 (base 11) in base 14?
8
Convert 11 (base 8) to base 2.
1001
Convert 62 (base 10) to base 12.
52
-6 (base 10) to base 5
-11
0 (base 3) to base 16
0
b6 (base 15) to base 4
2223
10110 (base 2) to base 6
34
-5 (base 14) to base 4
-11
Convert -10 (base 3) to base 12.
-3
34 (base 7) to base 4
121
Convert -31 (base 7) to base 5.
-42
-11101 (base 2) to base 5
-104
Convert 2 (base 16) to base 7.
2
What is a1 (base 16) in base 11?
137
What is -23 (base 15) in base 16?
-21
What is -40 (base 5) in base 15?
-15
22 (base 11) to base 3
220
12 (base 10) to base 9
13
Convert -4 (base 8) to base 9.
-4
Convert -2 (base 12) to base 2.
-10
What is -112 (base 5) in base 7?
-44
Convert 1 (base 8) to base 10.
1
Convert -2d (base 16) to base 11.
-41
-57 (base 11) to base 2
-111110
What is -144 (base 6) in base 9?
-71
-1e (base 15) to base 3
-1002
Convert 2 (base 10) to base 5.
2
What is -1 (base 8) in base 2?
-1
Convert -7c (base 15) to base 13.
-90
33 (base 15) to base 16
30
Convert -36 (base 9) to base 16.
-21
8 (base 16) to base 8
10
What is 0 (base 16) in base 5?
0
What is 4 (base 6) in base 10?
4
Convert 5 (base 14) to base 9.
5
Convert -10001101 (base 2) to base 12.
-b9
Convert 34 (base 10) to base 15.
24
-2223 (base 5) to base 3
-102121
What is 1010 (base 2) in base 12?
a
12 (base 5) to base 8
7
Convert -16 (base 12) to base 16.
-12
Convert 2 (base 11) to base 10.
2
What is -17 (base 11) in base 3?
-200
4 (base 13) to base 2
100
What is 0 (base 5) in base 14?
0
What is -3 (base 16) in base 15?
-3
Convert -3a (base 11) to base 5.
-133
Convert 12 (base 7) to base 4.
21
Convert -11210 (base 3) to base 7.
-243
267 (base 10) to base 14
151
What is 334 (base 5) in base 7?
163
Convert -5 (base 14) to base 13.
-5
Convert -20 (base 8) to base 2.
-10000
Convert 41 (base 9) to base 8.
45
What is -20 (base 13) in base 9?
-28
Convert 3b (base 13) to base 4.
302
-2 (base 14) to base 6
-2
What is 345 (base 7) in base 15?
c0
Convert -11 (base 3) to base 15.
-4
Convert 54 (base 8) to base 16.
2c
Convert -122 (base 3) to base 11.
-16
Convert 3 (base 12) to base 2.
11
-4 (base 11) to base 7
-4
What is -535 (base 7) in base 3?
-101001
Convert -140 (base 16) to base 5.
-2240
Convert -4 (base 15) to base 13.
-4
Convert -115 (base 6) to base 12.
-3b
-31 (base 8) to base 7
-34
Convert 8b (base 15) to base 8.
203
What is 4 (base 12) in base 10?
4
Convert 1001 (base 2) to base 14.
9
Convert -2002 (base 4) to base 16.
-82
Convert -310 (base 4) to base 6.
-124
Convert -42 (base 10) to base 6.
-110
What is 5 (base 12) in base 10?
5
Convert 1 (base 3) to base 4.
1
Convert 65 (base 8) to base 15.
38
-3 (base 8) to base 10
-3
-8 (base 13) to base 2
-1000
10100 (base 2) to base 13
17
What is -32 (base 4) in base 14?
-10
Convert 34 (base 11) to base 2.
100101
What is -93 (base 10) in base 3?
-10110
4 (base 8) to base 11
4
2 (base 13) to base 9
2
Convert 2 (base 9) to base 10.
2
Convert -5 (base 8) to base 14.
-5
Convert 3 (base 14) to base 5.
3
What is -102 (base 12) in base 14?
-a6
Convert 6c (base 16) to base 9.
130
What is 0 (base 7) in base 3?
0
Convert 11 (base 3) to base 15.
4
What is -10 (base 12) in base 4?
-30
100110 (base 2) to base 16
26
Convert -3b (base 16) to base 9.
-65
Convert 13 (base 11) to base 4.
32
-26 (base 7) to base 16
-14
Convert -10 (base 3) to base 2.
-11
Convert -113 (base 12) to base 11.
-135
-122 (base 4) to base 15
-1b
What is -e (base 16) in base 9?
-15
Convert 0 (base 5) to base 13.
0
-10 (base 2) to base 7
-2
Convert 135 (base 15) to base 9.
335
What is 2 (base 3) in base 15?
2
1132 (base 5) to base 7
326
-200 (base 3) to base 7
-24
5 (base 13) to base 12
5
-1 (base 12) to base 10
-1
1 (base 11) to base 10
1
What is -3 (base 14) in base 7?
-3
What is -11 (base 3) in base 4?
-10
Convert -2 (base 16) to base 12.
-2
Convert 1 (base 4) to base 12.
1
8 (base 9) to base 2
1000
Convert 232 (base 8) to base 10.
154
What is 0 (base 10) in base 5?
0
-3 (base 5) to base 11
-3
Convert -3 (base 16) to base 8.
-3
Convert -2 (base 7) to base 4.
-2
What is -61 (base 8) in base 14?
-37
What is -3 (base 6) in base 12?
-3
Convert 2 (base 3) to 